5 = -n. What is the remainder when u is divided by -1 - (1 - (l - -2))?
5
Let s(t) be the second derivative of t**4/12 + 5*t**3/2 + t**2/2 + 11*t. What is the remainder when 31 is divided by s(-16)?
14
Let d = -1164 - -1226. Let f be ((-200)/(-15))/(2/12). Suppose 0 = q - 6*q + f. Calculate the remainder when d is divided by q.
14
Suppose -h = -4*h + 9. Calculate the remainder when 10 + (-6)/h*(-4)/(-8) is divided by 3.
0
Let g be (-6)/4*1*-2. Suppose -135 = -3*b - 4*m, 4*b - 4*m - 199 = -g*m. What is the remainder when b is divided by 13?
10
Let p(s) = -5*s - 17. Calculate the remainder when 5 is divided by p(-4).
2
Let q(s) = -s**3 - 32*s**2 - 5*s + 28. Calculate the remainder when q(-32) is divided by 12.
8
Let f(t) = 6*t**2 + 92*t - 36. Calculate the remainder when 241 is divided by f(-16).
17
Let o = -3 + 12. Let m = 7 - 2. What is the remainder when o is divided by m?
4
Let t(x) = -x**2 - 2*x + 30. Suppose 0 = 3*c + s - 130, 3*s + 2*s = -2*c + 78. Calculate the remainder when c is divided by t(-5).
14
Suppose -188 = -5*y - 2*v, 4*y - 99 = -v + 49. Calculate the remainder when y is divided by 36.
0
Let g(o) = -50*o - 227. Calculate the remainder when 66 is divided by g(-5).
20
Suppose 0*u = 4*u - 40. Let t(x) = x - 1. Let f(i) = 4*i**2 - 4*i - 4. Let q be f(-2). Calculate the remainder when t(q) is divided by u.
9
Let k(m) = 2*m - 25. What is the remainder when 186 is divided by k(36)?
45
Let r(f) = -f**3 + 8*f**2 - 6*f + 8. What is the remainder when 88 is divided by r(7)?
13
Suppose 5*z = -4*y + 68, 4*y + 5*z - 68 = 2*z. What is the remainder when 44 is divided by y?
10
Let n(l) = 2*l - 8. Let u be n(5). Suppose u*z + 1 = 13. Let t(g) = g + 3. Calculate the remainder when t(z) is divided by 2.
1
Suppose 0 = -4*k + 5*j + 31 - 3, k - 4*j + 4 = 0. What is the remainder when 34 is divided by k?
10
Let a(b) = -33*b - 4. Let z be a(-4). Suppose 8*p - 96 - z = 0. What is the remainder when p is divided by 18?
10
Let a(y) = -7*y - 5*y + 5*y - 7*y + y**2 - 2. What is the remainder when a(16) is divided by 9 + -2 + 3 + 1?
8
Let f be (7*-3 + -2)*6. Let p = 225 + f. What is the remainder when p is divided by 22?
21
Suppose 2*g - 68 = -2*g - 2*f, 3*g + 3*f - 45 = 0. What is the remainder when 587 is divided by g?
17
Let y = -327 - -336. What is the remainder when 35 is divided by y?
8
Let f = 876 + -396. Calculate the remainder when f is divided by 21.
18
Suppose 2*p = p + 49. Suppose 4 + 1 = c. Suppose 77 = c*s + 3*v, 5*v - 7 = -2*s + 3*s. What is the remainder when p is divided by s?
10
Suppose -4*n + 3*h + 60 = 5*h, -5*n + 5*h = -60. Calculate the remainder when 37 is divided by n.
9
Let l(j) = j**3 - 4*j**2 + j - 5. Let n be l(5). Calculate the remainder when 27 is divided by 15/n - 144/(-10).
12
Calculate the remainder when (-13795)/(-124) - ((-45)/(-12))/(-5) is divided by 60.
52
Let v(j) = 2*j**3 - 11*j**2 - 5*j - 41. What is the remainder when v(10) is divided by 54?
53
What is the remainder when 58 is divided by (-21)/(-2) - (-111)/(-74)?
4
Calculate the remainder when 431 is divided by 174/(((-4)/5)/(12/(-30))).
83
Let s(a) = -10*a**3 + 2*a**2 + 3*a + 3. Let o be s(-2). Suppose 6*c - c = o. Suppose 0 = v + 4 - c. What is the remainder when 49 is divided by v?
10
Let d = -41 + 52. Let k(h) = -5. Let q(g) = -g**2 + g - 10. Let a(l) = 5*k(l) - 3*q(l). What is the remainder when a(4) is divided by d?
8
Suppose -2*k = 5*n, 29 = 3*n - n - 5*k. Suppose 31 = o + n*r, -3*o - 3*r + 89 = 2*r. What is the remainder when o is divided by 12?
11
Let d(y) = -y**3 + 18*y**2 + 17*y + 27. Let z be d(19). Let u = -7 - z. Suppose 0*x + 192 = u*x. What is the remainder when x is divided by 10?
8
Let y = -1620 + 2007. Calculate the remainder when y is divided by 19.
7
Let d(w) = -w**3 + 15*w**2 + 3*w - 6. Let t be d(15). Suppose -t = 2*p - 133. Calculate the remainder when p is divided by 12.
11
Let t = -136 - -146. Calculate the remainder when 19 is divided by t.
9
Let f(r) = -1. Let o(c) = -3*c - 12. Let u(t) = -18*f(t) + o(t). Calculate the remainder when 7 is divided by u(0).
1
Suppose 35*r - 29*r = 558. Calculate the remainder when r is divided by 34.
25
Let s(c) be the second derivative of c**3/6 + 5*c**2 + 139*c. Let h = -8 + 1. What is the remainder when 6 is divided by s(h)?
0
Let m(r) = 5*r - 3 - 3 + 2*r - 1. Suppose -2 + 14 = 2*t. What is the remainder when m(3) is divided by t?
2
Let p(s) = -s**2 - 12 + 0*s + 10 + 15*s**3 + s + s. Calculate the remainder when 51 is divided by p(1).
9
Let p = -8 - -14. What is the remainder when p is divided by 3?
0
Let l(j) = 5*j + 3. Let p be l(-8). Let i = -34 - p. What is the remainder when 3 is divided by i?
0
Let y = 389 - 343. What is the remainder when 61 is divided by y?
15
Calculate the remainder when 50 is divided by (-516)/(-43)*((-21)/6)/(-7).
2
Let m be -3*(2/(-3))/(10/285). Let c = -35 + m. What is the remainder when c is divided by 4?
2
Let r = -16 - -11. Let w(s) = 5*s**2 + s - 16. Suppose -3*a + h = -68, a - 5*h = -h + 41. Calculate the remainder when w(r) is divided by a.
20
Suppose -u - 4*k = 59, 5*u + 152 = -4*k - 95. Let z be (4 + 0)/(-4) - u. Let r = -23 + z. Calculate the remainder when 66 is divided by r.
20
Let p = 3 + 4. Let m(j) = -25*j**2 + 233*j + 37. What is the remainder when m(9) is divided by p?
4
Let x(n) = n**3 + 6*n**2 + 3*n - 3. Let k = -32 + 28. Calculate the remainder when 31 is divided by x(k).
14
Let m(w) = -w + 11. Let l be m(10). Suppose 5*x + 16 = 286. Calculate the remainder when x is divided by -3*(-112)/12*l.
26
Let f(x) = -x + 1. Let o be f(0). Suppose -5*n = -u - 7 - o, -4*u + 2*n + 40 = 0. Let j = 7 - -1. Calculate the remainder when u is divided by j.
4
Suppose 0 = 91*k - 87*k - 116. Calculate the remainder when 109 is divided by k.
22
Let p = 377 + -302. Calculate the remainder when p is divided by ((-2)/(-6))/((-1)/(-57)).
18
Let q = -211 + 452. Let m = -14 + 41. What is the remainder when q is divided by m?
25
Let q(a) = 31*a + 127. Calculate the remainder when q(10) is divided by 10.
7
Let u be 588/30 - 4/(-10). Suppose 0 = -2*c + 4*n + u, 6*c - 2*c - n - 26 = 0. Suppose -4 = -c*q + 14. What is the remainder when q is divided by 3?
0
Suppose 4*y = 3*k - 164, 161 - 53 = 2*k - 3*y. Let m = 43 - 34. What is the remainder when k is divided by m?
6
Let p = -38 + 77. Let k = -52 + 102. Suppose -9*i = -4*i - k. Calculate the remainder when p is divided by i.
9
Let a = 45 - 20. Suppose 4*y = 16, 2*l + 3*y = -2*l + 48. Calculate the remainder when a is divided by l.
7
Suppose 4*f - 3*l + 8*l + 148 = 0, 0 = -2*f + 5*l - 44. Let z = -17 - f. Suppose -16*w = -z*w - 39. Calculate the remainder when w is divided by 10.
9
Let p(n) be the third derivative of n**6/120 - n**5/12 + n**4/6 - n**3 + 17*n**2. Calculate the remainder when p(5) is divided by 2.
0
Let r = -586 + 605. Let p = 256 + -164. Calculate the remainder when p is divided by r.
16
Let x(r) = 5*r + 15. Let w be x(9). Calculate the remainder when 2565/w - (-2)/8 is divided by 9.
7
Suppose 5*p = 10*p - 65. Let x = 18 + p. What is the remainder when x is divided by 17?
14
Suppose c = -8*c + 45. Suppose 4*p + 506 = c*m, -2*p + 7*p + 20 = 0. Calculate the remainder when m is divided by 34.
30
Let k = 469 - 390. Calculate the remainder when 151 is divided by k.
72
Let z = 73 + -69. Suppose -46 = -z*b + 54. Calculate the remainder when 124 is divided by b.
24
Suppose -50*m + 55*m - 35 = 0. Let c(b) = 10*b - 3. Calculate the remainder when c(3) is divided by m.
6
What is the remainder when (62/(-6))/(-1 + (-64)/(-66)) is divided by 23?
19
Suppose m = -4*b + 755, -12*m + b - 764 = -13*m. What is the remainder when m is divided by 55?
52
Calculate the remainder when 68 is divided by (21 + -20)/((-3)/(-54)).
14
Suppose 2*f = -7 + 11. Let i = 14 + -10. Suppose -28 = -8*g + i*g. Calculate the remainder when g is divided by f.
1
Suppose -12*v = -5*v - 14. Let s(i) = 13*i - 1. Calculate the remainder when s(v) is divided by 9.
7
Suppose 4*c + 2*v - 10 = 0, -3*c + 6*c + 2*v = 6. Let l = -94 - -101. What is the remainder when l is divided by c?
3
Let z(s) = 3*s**3 - 3*s**2 - s - 1. Let h be (-39)/9*(-4 + -2). Suppose 4*n - 26 = h. What is the remainder when z(3) is divided by n?
11
Let t(u) = u**2 - u - 8. Let h be t(-6). Suppo